 is the tens digit of 26324241?
4
What is the hundreds digit of 24690725?
7
What is the millions digit of 19357233?
9
What is the hundred millions digit of 1899747275?
8
What is the hundred thousands digit of 19398909?
3
What is the billions digit of 1918151107?
1
What is the tens digit of 61972414?
1
What is the hundreds digit of 2211094338?
3
What is the ten thousands digit of 63328400?
2
What is the hundred thousands digit of 4816488027?
4
What is the hundreds digit of 8976408?
4
What is the hundred millions digit of 1686967533?
6
What is the hundred thousands digit of 1613850543?
8
What is the millions digit of 150055436?
0
What is the ten thousands digit of 160689984?
8
What is the hundreds digit of 3823582900?
9
What is the hundred thousands digit of 114376893?
3
What is the hundred millions digit of 1658603795?
6
What is the thousands digit of 86734825?
4
What is the units digit of 538946949?
9
What is the ten thousands digit of 1003139387?
3
What is the units digit of 4641990273?
3
What is the tens digit of 67228038?
3
What is the ten thousands digit of 63597500?
9
What is the millions digit of 51933063?
1
What is the billions digit of 1109151542?
1
What is the ten thousands digit of 48479804?
7
What is the hundred millions digit of 358886549?
3
What is the millions digit of 435118733?
5
What is the ten millions digit of 481635699?
8
What is the tens digit of 4575811136?
3
What is the thousands digit of 18406957?
6
What is the hundreds digit of 29068082?
0
What is the thousands digit of 128310812?
0
What is the thousands digit of 225692792?
2
What is the units digit of 5717333527?
7
What is the tens digit of 253245511?
1
What is the thousands digit of 228741845?
1
What is the units digit of 3441070230?
0
What is the millions digit of 25360674?
5
What is the units digit of 299262985?
5
What is the ten millions digit of 2153076479?
5
What is the ten thousands digit of 213994414?
9
What is the units digit of 374203024?
4
What is the units digit of 39786769?
9
What is the millions digit of 3679203427?
9
What is the units digit of 152284305?
5
What is the tens digit of 898090157?
5
What is the hundred thousands digit of 65897064?
8
What is the hundred millions digit of 3094459222?
0
What is the hundreds digit of 1903483?
4
What is the hundred thousands digit of 8767666?
7
What is the tens digit of 718964930?
3
What is the hundred millions digit of 650366953?
6
What is the tens digit of 156341637?
3
What is the hundred millions digit of 299386827?
2
What is the hundreds digit of 340749380?
3
What is the billions digit of 2348226800?
2
What is the hundred thousands digit of 5103696156?
6
What is the hundred millions digit of 829198913?
8
What is the ten thousands digit of 2220430846?
3
What is the hundreds digit of 466299658?
6
What is the hundred millions digit of 304992209?
3
What is the thousands digit of 3226143588?
3
What is the ten millions digit of 30033315?
3
What is the ten millions digit of 43263017?
4
What is the hundreds digit of 8391966?
9
What is the units digit of 338181266?
6
What is the millions digit of 122421102?
2
What is the hundred thousands digit of 7908641170?
6
What is the tens digit of 642794324?
2
What is the thousands digit of 2660311350?
1
What is the hundreds digit of 46463354?
3
What is the millions digit of 35761612?
5
What is the hundreds digit of 370838192?
1
What is the tens digit of 1939851450?
5
What is the hundred millions digit of 286661821?
2
What is the tens digit of 34695857?
5
What is the hundred millions digit of 814704885?
8
What is the tens digit of 2677851?
5
What is the hundred thousands digit of 472715224?
7
What is the units digit of 420162684?
4
What is the billions digit of 1527127581?
1
What is the ten thousands digit of 2109480834?
8
What is the tens digit of 953459238?
3
What is the tens digit of 182345150?
5
What is the millions digit of 316385075?
6
What is the hundred thousands digit of 268448473?
4
What is the billions digit of 3310662061?
3
What is the tens digit of 61492568?
6
What is the units digit of 53962379?
9
What is the millions digit of 16888133?
6
What is the hundreds digit of 42891739?
7
What is the hundred thousands digit of 66108964?
1
What is the tens digit of 751198364?
6
What is the hundred millions digit of 870510124?
8
What is the units digit of 77505091?
1
What is the ten thousands digit of 476430249?
3
What is the hundred millions digit of 4491164542?
4
What is the tens digit of 15614523?
2
What is the millions digit of 25913229?
5
What is the units digit of 71880300?
0
What is the ten thousands digit of 12736099?
3
What is the hundreds digit of 5051245097?
0
What is the ten millions digit of 354685518?
5
What is the tens digit of 448283911?
1
What is the ten millions digit of 910028811?
1
What is the thousands digit of 191750170?
0
What is the hundred millions digit of 275230633?
2
What is the ten millions digit of 25326308?
2
What is the units digit of 443582008?
8
What is the thousands digit of 65483165?
3
What is the hundred millions digit of 4042369936?
0
What is the units digit of 536394552?
2
What is the millions digit of 21135172?
1
What is the millions digit of 188525263?
8
What is the tens digit of 616074367?
6
What is the units digit of 85932594?
4
What is the hundred thousands digit of 599175878?
1
What is the hundred thousands digit of 1595919828?
9
What is the units digit of 1381984175?
5
What is the units digit of 107570823?
3
What is the millions digit of 71535365?
1
What is the tens digit of 49692253?
5
What is the units digit of 27422775?
5
What is the units digit of 162531910?
0
What is the ten millions digit of 667532330?
6
What is the millions digit of 1567709201?
7
What is the hundred thousands digit of 3299619419?
6
What is the hundreds digit of 27897691?
6
What is the ten millions digit of 1805177684?
0
What is the thousands digit of 12848783?
8
What is the ten thousands digit of 38497880?
9
What is the thousands digit of 127685110?
5
What is the units digit of 694248573?
3
What is the hundreds digit of 9844057995?
9
What is the hundred millions digit of 1011919999?
0
What is the units digit of 468810208?
8
What is the tens digit of 1609271381?
8
What is the thousands digit of 50225149?
5
What is the tens digit of 1050014973?
7
What is the units digit of 1982115034?
4
What is the millions digit of 1550578560?
0
What is the millions digit of 42729822?
2
What is the thousands digit of 54897121?
7
What is the millions digit of 247707121?
7
What is the millions digit of 125155804?
5
What is the thousands digit of 172305536?
5
What is the ten thousands digit of 647571101?
7
What is the units digit of 1543786596?
6
What is the tens digit of 2873214656?
5
What is the tens digit of 13620268?
6
What is the hundreds digit of 575921869?
8
What is the hundreds digit of 8123464?
4
What is the millions digit of 4753136?
4
What is the units digit of 3919511338?
8
What is the ten thousands digit of 28397725?
9
What is the tens digit of 68759143?
4
What is the millions digit of 145770394?
5
What is the hundreds digit of 17113536?
5
What is the billions digit of 7032013852?
7
What is the units digit of 675469831?
1
What is the hundreds digit of 119265587?
5
What is the hundred thousands digit of 3215150188?
1
What is the hundred millions digit of 161159320?
1
What is the thousands digit of 281939767?
9
What is the hundred thousands digit of 7648450661?
4
What is the thousands digit of 1076677705?
7
What is the thousands digit of 209434095?
4
What is the units digit of 76807963?
3
What is the tens digit of 1351731677?
7
What is the thousands digit of 579462169?
2
What is the millions digit of 1318140444?
8
What is the hundred millions digit of 3745024146?
7
What is the hundreds digit of 1288111448?
4
What is the tens digit of 36316930?
3
What is the billions digit of 1010175326?
1
What is the hundred thousands digit of 4315071573?
0
What is the ten millions digit of 37329849?
3
What is the billions digit of 6818034095?
6
What is the ten millions digit of 390118621?
9
What is the thousands digit of 18811804?
1
What is the hundred millions digit of 415859804?
4
What is the thousands digit of 82417267?
7
What is the ten millions digit of 12136991?
1
What is